{"id":56,"date":"2023-10-16T14:53:24","date_gmt":"2023-10-16T17:53:24","guid":{"rendered":"https:\/\/planilhasexcell.com.br\/loja-de-planilhas\/?post_type=product&#038;p=56"},"modified":"2025-03-15T08:14:55","modified_gmt":"2025-03-15T11:14:55","slug":"planilhas-agricolas","status":"publish","type":"product","link":"https:\/\/planilhasexcell.com.br\/loja-de-planilhas\/produto\/planilhas-agricolas\/","title":{"rendered":"Planilhas Agr\u00edcolas"},"content":{"rendered":"<h1><span style=\"font-size: 14pt;\">Planilhas Agr\u00edcolas<\/span><\/h1>\n<h2><span style=\"font-size: 14pt;\">Planilhas Agr\u00edcolas para administra\u00e7\u00e3o rural, oferece funcionalidades pr\u00e1ticas, essenciais que auxiliam na gest\u00e3o <em>agr\u00edcola<\/em> do seu neg\u00f3cio.<\/span><\/h2>\n<p>Planilhas Agr\u00edcolas<\/p>\n<p>Planilhas Agr\u00edcolas<\/p>\n<p><img fetchpriority=\"high\" decoding=\"async\" class=\"aligncenter wp-image-149 size-medium\" title=\"planilhas-excel-agricolas\" src=\"https:\/\/planilhasexcell.com.br\/loja-de-planilhas\/wp-content\/uploads\/2023\/10\/planilhas-excel-agricolas-300x300.jpg\" alt=\"planilhas-excel-agricolas\" width=\"300\" height=\"300\" srcset=\"https:\/\/planilhasexcell.com.br\/loja-de-planilhas\/wp-content\/uploads\/2023\/10\/planilhas-excel-agricolas-300x300.jpg 300w, https:\/\/planilhasexcell.com.br\/loja-de-planilhas\/wp-content\/uploads\/2023\/10\/planilhas-excel-agricolas-1024x1024.jpg 1024w, https:\/\/planilhasexcell.com.br\/loja-de-planilhas\/wp-content\/uploads\/2023\/10\/planilhas-excel-agricolas-150x150.jpg 150w, https:\/\/planilhasexcell.com.br\/loja-de-planilhas\/wp-content\/uploads\/2023\/10\/planilhas-excel-agricolas-768x768.jpg 768w, https:\/\/planilhasexcell.com.br\/loja-de-planilhas\/wp-content\/uploads\/2023\/10\/planilhas-excel-agricolas-1536x1536.jpg 1536w, https:\/\/planilhasexcell.com.br\/loja-de-planilhas\/wp-content\/uploads\/2023\/10\/planilhas-excel-agricolas-600x600.jpg 600w, https:\/\/planilhasexcell.com.br\/loja-de-planilhas\/wp-content\/uploads\/2023\/10\/planilhas-excel-agricolas-100x100.jpg 100w, https:\/\/planilhasexcell.com.br\/loja-de-planilhas\/wp-content\/uploads\/2023\/10\/planilhas-excel-agricolas.jpg 1595w\" sizes=\"(max-width: 300px) 100vw, 300px\" \/><\/p>\n<p>Planilhas Agr\u00edcolas<\/p>\n<p><strong>Pacote de Planilhas Excel para administra\u00e7\u00e3o rural<\/strong>, veja abaixo o que vai receber nesse pacote de planilhas:<\/p>\n<p><span style=\"font-size: 14pt; color: #008000;\"><strong>1 &#8211;<\/strong><\/span> <strong>CUSTO DE SAFRA POR HECTARE<\/strong><\/p>\n<p>Insumos, investimentos, maquin\u00e1rio. Tudo isso est\u00e1 envolvido nos custos de produ\u00e7\u00e3o de uma lavoura. Mas anotar tudo isso em papel \u00e9 a certeza de confus\u00e3o no fechamento da safra.<\/p>\n<p>Planilhas Agr\u00edcolas<\/p>\n<p>O custo de produ\u00e7\u00e3o por hectare \u00e9 um ponto essencial da sua gest\u00e3o. \u00c9 com ele que sabemos como est\u00e1 a sa\u00fade financeira da fazenda, por quanto devemos vender a produ\u00e7\u00e3o, em quais categoriais estamos gastando mais ou menos, e muitas outras an\u00e1lises.<\/p>\n<p>Esta planilha \u00e9 exatamente para isso! Com ela, voc\u00ea pode ter um melhor controle dos custos da sua cultura por hectare, permitindo identificar como melhorar sua rentabilidade.<\/p>\n<p>Planilhas Agr\u00edcolas<\/p>\n<p>Na primeira aba, &#8220;custos por hectare&#8221;, voc\u00ea encontrar\u00e1 os campos para colocar as informa\u00e7\u00f5es gerais da cultura em quest\u00e3o, al\u00e9m dos resultados das informa\u00e7\u00f5es inseridas ao\u00a0longo da planilha, como a participa\u00e7\u00e3o de cada categoria no custo total.<\/p>\n<p>Aqui fizemos sugest\u00f5es de c\u00e1lculos e algumas f\u00f3rmulas, al\u00e9m do arredondamento de alguns dados. Ressaltamos que existem diversas formas para esses c\u00e1lculos, e esta planilha est\u00e1 desbloqueada para que voc\u00ea possa fazer a sua personaliza\u00e7\u00e3o da maneira que achar melhor.<\/p>\n<p>Planilhas Agr\u00edcolas<\/p>\n<p><span style=\"font-size: 14pt; color: #008000;\"><strong>2 &#8211;<\/strong><\/span> <strong>CUSTOS COM INSUMOS<\/strong><\/p>\n<p>O conhecimento do custo de produ\u00e7\u00e3o \u00e9 essencial para ter certeza na decis\u00e3o de venda do seu produto agr\u00edcola. Se eu n\u00e3o sei quanto gastei, como vou saber se tenho lucro?<\/p>\n<p>O custo de produ\u00e7\u00e3o agr\u00edcola envolve todos os custos que voc\u00ea teve com a safra, incluindo custos com sal\u00e1rios, administra\u00e7\u00e3o, impostos e outros. No entanto, os custos com insumos representam uma das maiores, se n\u00e3o a maior, fatia do custo total.<\/p>\n<p>Assim, nesta planilha voc\u00ea poder\u00e1 manter os registros dos custos de insumos na sua safra, verificando qual o custo real que voc\u00ea obteve com esse tipo de gasto. Al\u00e9m disso, voc\u00ea poder\u00e1 conferir seu custo em diferentes categorias de insumos: Sementes, fertilizantes, defensivos agr\u00edcolas, m\u00e1quinas, outros.<\/p>\n<p><span style=\"font-size: 14pt; color: #008000;\"><strong>3 &#8211;<\/strong><\/span> <strong>DEPRECIACAO MAQUINAS AGR\u00cdCOLAS<\/strong><\/p>\n<p>A deprecia\u00e7\u00e3o das m\u00e1quinas pode ser definida como a perda de valor dos equipamentos com o passar do tempo.<\/p>\n<p>Ela pode ocorrer devido a dois principais fatores: desgaste dos equipamentos pelo uso e obsolesc\u00eancia.<\/p>\n<p>Para o c\u00e1lculo desse custo fixo da sua fazenda podem ser utilizados v\u00e1rios m\u00e9todos. Aqui trabalharemos com os chamados de deprecia\u00e7\u00e3o fiscal ou deprecia\u00e7\u00e3o gerencial.<\/p>\n<p>Em geral, utilizamos a fiscal quando pretendemos n\u00e3o vender aquele equipamento em pouco tempo, enquanto a gerencial \u00e9 mais utilizada para auxiliar na tomada de decis\u00e3o de alguma venda de equipamento ou quando \u00e9 esperada a venda em pouco tempo.<\/p>\n<p><span style=\"font-size: 14pt; color: #008000;\"><strong>4 &#8211;<\/strong><\/span> <strong>ESTOQUE<\/strong><\/p>\n<p>Ningu\u00e9m quer correr o risco de atrasar uma aplica\u00e7\u00e3o por que o fornecedor est\u00e1 com o produto em falta, por atrasos na entrega, ou at\u00e9 mesmo por uma varia\u00e7\u00e3o de pre\u00e7o que torna a compra invi\u00e1vel. Pior ainda se atrasar a colheita ou a semeadura porque faltou uma pe\u00e7a do trator. Controlar o seu estoque \u00e9 algo fundamental, e uma planilha eletr\u00f4nica \u00e9 o primeiro passo.<\/p>\n<p><b>Planilha controle<\/b><\/p>\n<p>Nessa planilha, voc\u00ea tem as informa\u00e7\u00f5es gerais de todos os seus produtos que est\u00e3o (ou deveriam estar) em estoque.<br \/>\nEla \u00e9 a planilha em que voc\u00ea vai definir as categorias dos produtos, voc\u00ea vai colocar quais itens voc\u00ea tem, e definir a qual per\u00edodo a tabela diz respeito. Ela tamb\u00e9m \u00e9 a planilha que faz as somas e subtra\u00e7\u00f5es das outras planilhas para<br \/>\nlhe dizer quanto voc\u00ea ainda tem de cada produto.<\/p>\n<p>Defina na tabela \u201cCategorias\u201d como voc\u00ea pretende categorizar seus produtos. Voc\u00ea tem liberdade para apagar as que j\u00e1 est\u00e3o como exemplo e adicionar outras.<\/p>\n<p><span style=\"font-size: 14pt; color: #008000;\"><strong>5 &#8211;<\/strong><\/span> <strong>FLUXO DE CAIXA<\/strong><\/p>\n<p>Voc\u00ea j\u00e1 perdeu muito tempo fazendo o fluxo de caixa da sua fazenda? N\u00e3o \u00e9 tarefa simples reunir todas as informa\u00e7\u00f5es da propriedade e come\u00e7ar um fluxo de caixa correto e que realmente tenha utilidade na sua gest\u00e3o.<\/p>\n<p>Para te ajudar nessa tarefa disponibilizamos esta planilha. Aqui voc\u00ea ter\u00e1 um modelo de arquivo onde poder\u00e1 colocar todas as suas entradas (receitas) e sa\u00eddas (despesas), inclusive em diferentes categorias.<\/p>\n<p>Esta planilha tem base mensal, ou seja, voc\u00ea colocar\u00e1 seus dados mensais, permitindo que voc\u00ea veja os resultados (saldo mensal, salto acumulado, total de entradas e total de sa\u00eddas) de forma mais f\u00e1cil.<\/p>\n<p>Planilhas Agr\u00edcolas<\/p>\n<p>Aqui v\u00e3o algumas dicas para o m\u00e1ximo aproveitamento desta planilha:<\/p>\n<p>&#8211; Se atente \u00e0 primeira aba, onde temos um exemplo para que voc\u00ea compreenda melhor o funcionamento da planilha, sendo que na segunda aba voc\u00ea ter\u00e1 uma planilha sem dados, pronta para seu uso.<\/p>\n<p>&#8211; Lembre-se de colocar as despesas como valores negativos;<\/p>\n<p>&#8211; Acompanhe a planilha periodicamente, colocando todas as suas despesas e receitas.<\/p>\n<p>Lembre-se que com o fluxo de caixa voc\u00ea saber\u00e1 onde sua fazenda est\u00e1 em termos financeiros, permitindo que as opera\u00e7\u00f5es sejam executadas de acordo com isso.<\/p>\n<p>Mais do que isso, o fluxo de caixa adequado te permite a melhor gest\u00e3o do dinheiro, verificando melhores estrat\u00e9gias para sua fazenda.<\/p>\n<p><span style=\"font-size: 14pt; color: #008000;\"><strong>6 &#8211;<\/strong><\/span> <strong>MANTENCAO DE MAQUINAS AGRICOLAS<\/strong><\/p>\n<p>Essa aba cont\u00e9m informa\u00e7\u00f5es e diretrizes para o uso da PLANILHA DE MANUTEN\u00c7\u00c3O DE MAQUIN\u00c1RIO AGR\u00cdCOLA.<\/p>\n<p><b>IN\u00cdCIO<\/b><b>\u00a0 <\/b><\/p>\n<p>Nesta planilha, voc\u00ea pode gerenciar seus maquin\u00e1rios e as atividades de manuten\u00e7\u00e3o feitas ou que ser\u00e3o executadas em seus implementos. Al\u00e9m disso,\u00a0 pode verificar a necessidade de manuten\u00e7\u00e3o antes de iniciar um trabalho.<b>\u00a0 <\/b><\/p>\n<p><b>INSERIR\/ALTERAR\/RETIRAR MAQUIN\u00c1RIO<\/b><b>\u00a0 <\/b><\/p>\n<p>Nessas abas, voc\u00ea pode incluir ou retirar os maquin\u00e1rios presentes na propriedade e novas aquisi\u00e7\u00f5es ou vendas. Tamb\u00e9m pode incluir e alterar a lista de manuten\u00e7\u00f5es a serem efetuadas em cada maquin\u00e1rio.<b>\u00a0 <\/b><\/p>\n<p><b>ATUALIZAR MANUTEN\u00c7\u00c3O\/HORAS DE USO<\/b><b>\u00a0 <\/b><\/p>\n<p>Nessas abas, voc\u00ea consegue atualizar as manuten\u00e7\u00f5es feitas e registrar as horas de uso de cada m\u00e1quina.\u00a0 <b>\u00a0 <\/b><\/p>\n<p><b>VERIFICAR MANUTEN\u00c7\u00c3O\u00a0 <\/b><b>\u00a0 <\/b><\/p>\n<p>Nessa aba, voc\u00ea verifica as necessidades de manuten\u00e7\u00e3o de cada m\u00e1quina especificamente, evitando atrasos e aumentando a efici\u00eancia operacional. <b>Observa\u00e7\u00e3o: tome<\/b><b> cuidado ao apagar dados inseridos para n\u00e3o perder as f\u00f3rmulas da planilha!<\/b><\/p>\n<p>Nesse <strong>Pacote de Planilhas de Administra\u00e7\u00e3o Rural<\/strong> voc\u00ea ainda recebe de B\u00f4nus:<\/p>\n<p>&nbsp;<\/p>\n<p class=\"woocommerce-loop-product__title\"><span style=\"color: #008000;\"><strong>&#8211; Pacote de Planilhas Administrativas e Empresas<\/strong><\/span><\/p>\n","protected":false},"excerpt":{"rendered":"<h1><span style=\"font-size: 14pt;\">Planilhas Excel Agr\u00edcolas<\/span><\/h1>\n<h2><span style=\"font-size: 14pt;\">Planilhas Excel Agr\u00edcolas para administra\u00e7\u00e3o rural, oferece funcionalidades pr\u00e1ticas, essenciais que auxiliam na gest\u00e3o <em>agr\u00edcola<\/em> do seu neg\u00f3cio.<\/span><\/h2>\n<p style=\"text-align: center;\"><span style=\"color: #008080;\"><strong>Adquira Agora Via Pix e Tenha 15% de Desconto e Receba todo o Conte\u00fado em seu E-mail ou se Preferir via WhatsApp.<\/strong><\/span><\/p>\n","protected":false},"featured_media":149,"comment_status":"closed","ping_status":"closed","template":"","meta":{"_sitemap_exclude":false,"_sitemap_priority":"","_sitemap_frequency":"","site-sidebar-layout":"default","site-content-layout":"","ast-site-content-layout":"default","site-content-style":"default","site-sidebar-style":"default","ast-global-header-display":"","ast-banner-title-visibility":"","ast-main-header-display":"","ast-hfb-above-header-display":"","ast-hfb-below-header-display":"","ast-hfb-mobile-header-display":"","site-post-title":"","ast-breadcrumbs-content":"","ast-featured-img":"","footer-sml-layout":"","ast-disable-related-posts":"","theme-transparent-header-meta":"default","adv-header-id-meta":"","stick-header-meta":"default","header-above-stick-meta":"","header-main-stick-meta":"","header-below-stick-meta":"","astra-migrate-meta-layouts":"set","ast-page-background-enabled":"default","ast-page-background-meta":{"desktop":{"background-color":"var(--ast-global-color-4)","background-image":"","background-repeat":"repeat","background-position":"center center","background-size":"auto","background-attachment":"scroll","background-type":"","background-media":"","overlay-type":"","overlay-color":"","overlay-opacity":"","overlay-gradient":""},"tablet":{"background-color":"","background-image":"","background-repeat":"repeat","background-position":"center center","background-size":"auto","background-attachment":"scroll","background-type":"","background-media":"","overlay-type":"","overlay-color":"","overlay-opacity":"","overlay-gradient":""},"mobile":{"background-color":"","background-image":"","background-repeat":"repeat","background-position":"center center","background-size":"auto","background-attachment":"scroll","background-type":"","background-media":"","overlay-type":"","overlay-color":"","overlay-opacity":"","overlay-gradient":""}},"ast-content-background-meta":{"desktop":{"background-color":"var(--ast-global-color-5)","background-image":"","background-repeat":"repeat","background-position":"center center","background-size":"auto","background-attachment":"scroll","background-type":"","background-media":"","overlay-type":"","overlay-color":"","overlay-opacity":"","overlay-gradient":""},"tablet":{"background-color":"var(--ast-global-color-5)","background-image":"","background-repeat":"repeat","background-position":"center center","background-size":"auto","background-attachment":"scroll","background-type":"","background-media":"","overlay-type":"","overlay-color":"","overlay-opacity":"","overlay-gradient":""},"mobile":{"background-color":"var(--ast-global-color-5)","background-image":"","background-repeat":"repeat","background-position":"center center","background-size":"auto","background-attachment":"scroll","background-type":"","background-media":"","overlay-type":"","overlay-color":"","overlay-opacity":"","overlay-gradient":""}}},"product_brand":[],"product_cat":[1121,20],"product_tag":[340,341,342,343,344,345,346,347,348,349,333,334,350,351,352,353,339,354,355,356,357,358,359,61,360,361,362],"class_list":{"0":"post-56","1":"product","2":"type-product","3":"status-publish","4":"has-post-thumbnail","6":"product_cat-agronegocios","7":"product_cat-planilhas-excel","8":"product_tag-como-fazer-planilhas","9":"product_tag-comprar-planilhas","10":"product_tag-google-planilhas","11":"product_tag-insumos-agricolas","12":"product_tag-planilha","13":"product_tag-planilha-agricola","14":"product_tag-planilha-agro","15":"product_tag-planilha-contas-a-pagar","16":"product_tag-planilha-custo-de-safra-por-hectare","17":"product_tag-planilha-custos-com-insumos","18":"product_tag-planilha-de-controle-de-estoque","19":"product_tag-planilha-de-controle-de-estoque-excel","20":"product_tag-planilha-de-controle-financeiro","21":"product_tag-planilha-de-orcamento","22":"product_tag-planilha-depreciacao-de-maquinas","23":"product_tag-planilha-depreciacao-de-maquinas-agricolas","24":"product_tag-planilha-estoque","25":"product_tag-planilha-estoque-agricola","26":"product_tag-planilha-fluxo-de-caixa","27":"product_tag-planilha-fluxo-de-caixa-agricola","28":"product_tag-planilha-gratuita","29":"product_tag-planilha-manutencao-de-maquinas-agricolas","30":"product_tag-planilhas","31":"product_tag-planilhas-excel","32":"product_tag-planilhas-financeiras","33":"product_tag-planilhas-google","34":"product_tag-planilhas-prontas","35":"desktop-align-center","36":"tablet-align-left","37":"mobile-align-left","38":"ast-product-gallery-layout-horizontal-slider","39":"ast-product-tabs-layout-horizontal","41":"first","42":"instock","43":"featured","44":"shipping-taxable","45":"purchasable","46":"product-type-simple"},"_links":{"self":[{"href":"https:\/\/planilhasexcell.com.br\/loja-de-planilhas\/wp-json\/wp\/v2\/product\/56","targetHints":{"allow":["GET"]}}],"collection":[{"href":"https:\/\/planilhasexcell.com.br\/loja-de-planilhas\/wp-json\/wp\/v2\/product"}],"about":[{"href":"https:\/\/planilhasexcell.com.br\/loja-de-planilhas\/wp-json\/wp\/v2\/types\/product"}],"replies":[{"embeddable":true,"href":"https:\/\/planilhasexcell.com.br\/loja-de-planilhas\/wp-json\/wp\/v2\/comments?post=56"}],"wp:featuredmedia":[{"embeddable":true,"href":"https:\/\/planilhasexcell.com.br\/loja-de-planilhas\/wp-json\/wp\/v2\/media\/149"}],"wp:attachment":[{"href":"https:\/\/planilhasexcell.com.br\/loja-de-planilhas\/wp-json\/wp\/v2\/media?parent=56"}],"wp:term":[{"taxonomy":"product_brand","embeddable":true,"href":"https:\/\/planilhasexcell.com.br\/loja-de-planilhas\/wp-json\/wp\/v2\/product_brand?post=56"},{"taxonomy":"product_cat","embeddable":true,"href":"https:\/\/planilhasexcell.com.br\/loja-de-planilhas\/wp-json\/wp\/v2\/product_cat?post=56"},{"taxonomy":"product_tag","embeddable":true,"href":"https:\/\/planilhasexcell.com.br\/loja-de-planilhas\/wp-json\/wp\/v2\/product_tag?post=56"}],"curies":[{"name":"wp","href":"https:\/\/api.w.org\/{rel}","templated":true}]}}