{"id":53,"date":"2023-10-16T14:53:24","date_gmt":"2023-10-16T17:53:24","guid":{"rendered":"https:\/\/planilhasexcell.com.br\/loja-de-planilhas\/?post_type=product&#038;p=53"},"modified":"2025-09-20T17:02:56","modified_gmt":"2025-09-20T20:02:56","slug":"planilhas-excel-para-orcamentos-culturais","status":"publish","type":"product","link":"https:\/\/planilhasexcell.com.br\/loja-de-planilhas\/produto\/planilhas-excel-para-orcamentos-culturais\/","title":{"rendered":"Planilhas Excel para Or\u00e7amentos Culturais"},"content":{"rendered":"<h1><span style=\"font-size: 14pt;\">Planilhas Excel para Or\u00e7amentos Culturais<\/span><\/h1>\n<h2><span style=\"font-size: 14pt;\">Planilhas Excel para Or\u00e7amentos Culturais para tirar seus projetos do papel e por em pr\u00e1tica.<\/span><\/h2>\n<p>Planilhas Excel para Or\u00e7amentos<\/p>\n<p><img fetchpriority=\"high\" decoding=\"async\" class=\"aligncenter wp-image-367 size-medium\" title=\"planilhas-excel-para-orcamentos-culturais\" src=\"https:\/\/planilhasexcell.com.br\/loja-de-planilhas\/wp-content\/uploads\/2023\/10\/planilhas-excel-para-orcamentos-culturais-250x300.jpg\" alt=\"planilhas-excel-para-orcamentos-culturais\" width=\"250\" height=\"300\" srcset=\"https:\/\/planilhasexcell.com.br\/loja-de-planilhas\/wp-content\/uploads\/2023\/10\/planilhas-excel-para-orcamentos-culturais-250x300.jpg 250w, https:\/\/planilhasexcell.com.br\/loja-de-planilhas\/wp-content\/uploads\/2023\/10\/planilhas-excel-para-orcamentos-culturais-853x1024.jpg 853w, https:\/\/planilhasexcell.com.br\/loja-de-planilhas\/wp-content\/uploads\/2023\/10\/planilhas-excel-para-orcamentos-culturais-768x922.jpg 768w, https:\/\/planilhasexcell.com.br\/loja-de-planilhas\/wp-content\/uploads\/2023\/10\/planilhas-excel-para-orcamentos-culturais-600x720.jpg 600w, https:\/\/planilhasexcell.com.br\/loja-de-planilhas\/wp-content\/uploads\/2023\/10\/planilhas-excel-para-orcamentos-culturais.jpg 1000w\" sizes=\"(max-width: 250px) 100vw, 250px\" \/><\/p>\n<h3 class=\"\"><span style=\"font-size: 14pt;\">Kit Completo de Planilhas de Or\u00e7amento para Projetos Culturais<\/span><\/h3>\n<p>Kits de planilhas Excel prontas e edit\u00e1veis, em formato Excel, j\u00e1 formuladas e com todas as linhas preenchidas com sugest\u00f5es para a etapa de pr\u00e9-produ\u00e7\u00e3o, produ\u00e7\u00e3o, divulga\u00e7\u00e3o e custos administrativos para que voc\u00ea possa fazer o or\u00e7amento de seus projetos da maneira mais simples poss\u00edvel.<\/p>\n<p>Precisa elaborar projetos em todas as \u00e1reas culturais? Ent\u00e3o este kit \u00e9 para voc\u00ea.<\/p>\n<p>O pacote completo conta 7 kits de planilhas de m\u00fasica, teatro, literatura, audiovisual, artes visuais, dan\u00e7a e moda, totalizando 24 planilhas em Excel com itens e f\u00f3rmulas prontas para seus projetos!<\/p>\n<h3><strong><span style=\"font-size: 14pt;\">Kit de Planilhas de M\u00fasica<\/span><\/strong><\/h3>\n<p>6 modelos de planilhas, com todos os itens necess\u00e1rios e f\u00f3rmulas prontas para realizar seus projetos de m\u00fasica.<\/p>\n<p><b>Este kit de planilhas conta com os seguintes itens:<\/b><\/p>\n<ul>\n<li>or\u00e7amento para CD<\/li>\n<li>or\u00e7amento para DVD<\/li>\n<li>or\u00e7amento para show<\/li>\n<li>or\u00e7amento para turn\u00ea<\/li>\n<li>or\u00e7amento para videoclipe<\/li>\n<li>or\u00e7amento para festival de m\u00fasica<\/li>\n<\/ul>\n<h3><span style=\"font-size: 14pt;\">Kit de Planilhas de Teatro<\/span><\/h3>\n<p>Planilhas com projetos de artes c\u00eanicas, seu lugar \u00e9 o palco e estas planilhas s\u00e3o para voc\u00ea. J\u00e1 pensou ter acesso a modelos de planilhas, com todos os itens necess\u00e1rios e f\u00f3rmulas prontas para realizar seus projetos de teatro?<\/p>\n<p><b>Este kit de planilhas conta com os seguintes itens:<\/b><\/p>\n<ul>\n<li>or\u00e7amento de montagem<\/li>\n<li>or\u00e7amento de musical<\/li>\n<li>or\u00e7amento de temporada<\/li>\n<li>or\u00e7amento de turn\u00ea<\/li>\n<li>or\u00e7amento de festivais<\/li>\n<\/ul>\n<h3><span style=\"font-size: 14pt;\">Kit de Planilhas de Literatura<\/span><\/h3>\n<p>Kit de planilhas prontas e edit\u00e1veis, em formato Excel, j\u00e1 formuladas e com todas as linhas preenchidas com sugest\u00f5es para a etapa de pr\u00e9-produ\u00e7\u00e3o, produ\u00e7\u00e3o, divulga\u00e7\u00e3o e custos administrativos para que voc\u00ea possa fazer o or\u00e7amento de seus projetos da maneira mais simples poss\u00edvel. Se sua ideia \u00e9 a literatura, este kit \u00e9 para voc\u00ea.<\/p>\n<p><b>As planilhas que fazem parte deste kit s\u00e3o:<\/b><\/p>\n<ul>\n<li>or\u00e7amento de livro<\/li>\n<li>or\u00e7amento de eBook<\/li>\n<li>or\u00e7amento para evento liter\u00e1rio<\/li>\n<\/ul>\n<h3><span style=\"font-size: 14pt;\">Kit de Planilhas de Audiovisual<\/span><\/h3>\n<p>Kit de planilhas prontas e edit\u00e1veis, em formato Excel, j\u00e1 formuladas e com todas as linhas preenchidas com sugest\u00f5es para a etapa de pr\u00e9-produ\u00e7\u00e3o, produ\u00e7\u00e3o, divulga\u00e7\u00e3o e custos administrativos para que voc\u00ea possa fazer o or\u00e7amento de seus projetos da maneira mais simples poss\u00edvel. Se voc\u00ea tem um projeto audiovisual, mas n\u00e3o sabe nem por onde come\u00e7ar o or\u00e7amento, este kit \u00e9 para voc\u00ea.<\/p>\n<p><b>Este kit de planilhas\u00a0conta com:<\/b><\/p>\n<ul>\n<li>um or\u00e7amento geral que pode ser utilizado para curta m\u00e9dia ou longa-metragem<\/li>\n<li>um or\u00e7amento para festivais audiovisuais<\/li>\n<\/ul>\n<h3><span style=\"font-size: 14pt;\">Kit de Planilhas de Artes Visuais<\/span><\/h3>\n<p>Kit de planilhas prontas e edit\u00e1veis, em formato Excel, j\u00e1 formuladas e com todas as linhas preenchidas com sugest\u00f5es para a etapa de pr\u00e9-produ\u00e7\u00e3o, produ\u00e7\u00e3o, divulga\u00e7\u00e3o e custos administrativos para que voc\u00ea possa fazer o or\u00e7amento de seus projetos da maneira mais simples poss\u00edvel. Hora de trocar o pincel pelo Excel! Pronto para fazer o or\u00e7amento de seu projeto de artes visuais?<\/p>\n<p><b>Este kit conta com duas planilhas:<\/b><\/p>\n<ul>\n<li>or\u00e7amento para realiza\u00e7\u00e3o de exposi\u00e7\u00e3o<\/li>\n<li>or\u00e7amento para a cria\u00e7\u00e3o de cat\u00e1logo<\/li>\n<\/ul>\n<h3><span style=\"font-size: 14pt;\">Kit de Planilhas de Dan\u00e7a<\/span><\/h3>\n<p>Kit de planilhas prontas e edit\u00e1veis, em formato Excel, j\u00e1 formuladas e com todas as linhas preenchidas com sugest\u00f5es para a etapa de pr\u00e9-produ\u00e7\u00e3o, produ\u00e7\u00e3o, divulga\u00e7\u00e3o e custos administrativos para que voc\u00ea possa fazer o or\u00e7amento de seus projetos da maneira mais simples poss\u00edvel. Nem sempre a habilidade que temos com o corpo, temos tamb\u00e9m com o Excel.<\/p>\n<p>Seu seu projeto \u00e9 de dan\u00e7a, este kit \u00e9 justamente para ajudar voc\u00ea a fazer os seguintes or\u00e7amentos:<\/p>\n<ul>\n<li>or\u00e7amento de montagem<\/li>\n<li>or\u00e7amento de turn\u00ea<\/li>\n<li>or\u00e7amento de festival<\/li>\n<\/ul>\n<h3><span style=\"font-size: 14pt;\">Kit de Planilhas de Moda<\/span><\/h3>\n<p>Se seu interesse \u00e9 atuar com projetos de MODA, seu lugar \u00e9 a passarela e estas planilhas s\u00e3o para voc\u00ea.\u00a0J\u00e1 pensou ter acesso a modelos de planilhas, com todos os itens necess\u00e1rios e f\u00f3rmulas prontas para realizar seus projetos de MODA?<\/p>\n<p><b>Este kit de planilhas conta com os seguintes itens:<\/b><\/p>\n<ul>\n<li>or\u00e7amento de desfile de moda<\/li>\n<li>or\u00e7amento de evento de moda<\/li>\n<li>or\u00e7amento de exposi\u00e7\u00e3o de cole\u00e7\u00e3o<\/li>\n<\/ul>\n<p>Veja nas imagens as planilhas que vai receber nesse pacote exclusivo 2021, s\u00e3o mais de 20 planilhas prontas e edit\u00e1veis para voc\u00ea economizar seu tempo em v\u00e1rias aplica\u00e7\u00f5es.<\/p>\n<p>Ap\u00f3s a compra voc\u00ea pode baixar na sua \u00e1rea de cliente quantas vezes desejar e pode usar e vender como quiser.<\/p>\n<p><strong>Em todos os nossos Pacotes de Planilhas voc\u00ea recebe inteiramente GR\u00c1TIS:<\/strong><\/p>\n<p>Cursos Excel em PDF + Power Point + Excel<\/p>\n<p><img decoding=\"async\" class=\"aligncenter size-medium wp-image-364\" src=\"https:\/\/planilhasexcell.com.br\/loja-de-planilhas\/wp-content\/uploads\/2023\/10\/cursos-excel-do-basico-ao-avancado-300x250.jpg\" alt=\"cursos-excel-do-basico-ao-avancado\" width=\"300\" height=\"250\" srcset=\"https:\/\/planilhasexcell.com.br\/loja-de-planilhas\/wp-content\/uploads\/2023\/10\/cursos-excel-do-basico-ao-avancado-300x250.jpg 300w, https:\/\/planilhasexcell.com.br\/loja-de-planilhas\/wp-content\/uploads\/2023\/10\/cursos-excel-do-basico-ao-avancado.jpg 442w\" sizes=\"(max-width: 300px) 100vw, 300px\" \/><\/p>\n<p>Cursos Excel em V\u00eddeos<\/p>\n<p><img decoding=\"async\" class=\"aligncenter size-medium wp-image-365\" src=\"https:\/\/planilhasexcell.com.br\/loja-de-planilhas\/wp-content\/uploads\/2023\/10\/cursos-excel-do-basico-ao-avancado-em-video-300x140.jpg\" alt=\"cursos-excel-do-basico-ao-avancado-em-video\" width=\"300\" height=\"140\" srcset=\"https:\/\/planilhasexcell.com.br\/loja-de-planilhas\/wp-content\/uploads\/2023\/10\/cursos-excel-do-basico-ao-avancado-em-video-300x140.jpg 300w, https:\/\/planilhasexcell.com.br\/loja-de-planilhas\/wp-content\/uploads\/2023\/10\/cursos-excel-do-basico-ao-avancado-em-video.jpg 394w\" sizes=\"(max-width: 300px) 100vw, 300px\" \/><\/p>\n","protected":false},"excerpt":{"rendered":"<h1><span style=\"font-size: 14pt;\">Planilhas Excel para Or\u00e7amentos Kit Completo<\/span><\/h1>\n<h2><span style=\"font-size: 14pt;\">kits com Modelos de Planilhas de Or\u00e7amentos para tirar seus projetos do papel e por em pr\u00e1tica.<\/span><\/h2>\n<p style=\"text-align: center;\"><span style=\"font-size: 14pt;\"><strong style=\"font-size: 16px; font-style: normal; color: #008080; text-align: center;\">Adquira Agora Via Pix e Tenha 15% de Desconto e Receba todo o Conte\u00fado em seu E-mail ou se Preferir via WhatsApp.<\/strong><br \/>\n<\/span><\/p>\n","protected":false},"featured_media":120,"comment_status":"closed","ping_status":"closed","template":"","meta":{"_sitemap_exclude":false,"_sitemap_priority":"","_sitemap_frequency":"","site-sidebar-layout":"default","site-content-layout":"","ast-site-content-layout":"default","site-content-style":"default","site-sidebar-style":"default","ast-global-header-display":"","ast-banner-title-visibility":"","ast-main-header-display":"","ast-hfb-above-header-display":"","ast-hfb-below-header-display":"","ast-hfb-mobile-header-display":"","site-post-title":"","ast-breadcrumbs-content":"","ast-featured-img":"","footer-sml-layout":"","ast-disable-related-posts":"","theme-transparent-header-meta":"default","adv-header-id-meta":"","stick-header-meta":"default","header-above-stick-meta":"","header-main-stick-meta":"","header-below-stick-meta":"","astra-migrate-meta-layouts":"set","ast-page-background-enabled":"default","ast-page-background-meta":{"desktop":{"background-color":"var(--ast-global-color-4)","background-image":"","background-repeat":"repeat","background-position":"center center","background-size":"auto","background-attachment":"scroll","background-type":"","background-media":"","overlay-type":"","overlay-color":"","overlay-opacity":"","overlay-gradient":""},"tablet":{"background-color":"","background-image":"","background-repeat":"repeat","background-position":"center center","background-size":"auto","background-attachment":"scroll","background-type":"","background-media":"","overlay-type":"","overlay-color":"","overlay-opacity":"","overlay-gradient":""},"mobile":{"background-color":"","background-image":"","background-repeat":"repeat","background-position":"center center","background-size":"auto","background-attachment":"scroll","background-type":"","background-media":"","overlay-type":"","overlay-color":"","overlay-opacity":"","overlay-gradient":""}},"ast-content-background-meta":{"desktop":{"background-color":"var(--ast-global-color-5)","background-image":"","background-repeat":"repeat","background-position":"center center","background-size":"auto","background-attachment":"scroll","background-type":"","background-media":"","overlay-type":"","overlay-color":"","overlay-opacity":"","overlay-gradient":""},"tablet":{"background-color":"var(--ast-global-color-5)","background-image":"","background-repeat":"repeat","background-position":"center center","background-size":"auto","background-attachment":"scroll","background-type":"","background-media":"","overlay-type":"","overlay-color":"","overlay-opacity":"","overlay-gradient":""},"mobile":{"background-color":"var(--ast-global-color-5)","background-image":"","background-repeat":"repeat","background-position":"center center","background-size":"auto","background-attachment":"scroll","background-type":"","background-media":"","overlay-type":"","overlay-color":"","overlay-opacity":"","overlay-gradient":""}}},"product_brand":[],"product_cat":[20,1122],"product_tag":[311,312,313,314,315,316,317,318],"class_list":{"0":"post-53","1":"product","2":"type-product","3":"status-publish","4":"has-post-thumbnail","6":"product_cat-planilhas-excel","7":"product_cat-projetos-culturais","8":"product_tag-planilha-excel-artes-visuais","9":"product_tag-planilha-excel-audio-visual","10":"product_tag-planilha-excel-danca","11":"product_tag-planilha-excel-literatura","12":"product_tag-planilha-excel-moda","13":"product_tag-planilha-excel-musica","14":"product_tag-planilha-excel-projeto-cultural","15":"product_tag-planilha-excel-teatro","16":"desktop-align-center","17":"tablet-align-left","18":"mobile-align-left","19":"ast-product-gallery-layout-horizontal-slider","20":"ast-product-tabs-layout-horizontal","22":"first","23":"instock","24":"featured","25":"downloadable","26":"shipping-taxable","27":"purchasable","28":"product-type-simple"},"_links":{"self":[{"href":"https:\/\/planilhasexcell.com.br\/loja-de-planilhas\/wp-json\/wp\/v2\/product\/53","targetHints":{"allow":["GET"]}}],"collection":[{"href":"https:\/\/planilhasexcell.com.br\/loja-de-planilhas\/wp-json\/wp\/v2\/product"}],"about":[{"href":"https:\/\/planilhasexcell.com.br\/loja-de-planilhas\/wp-json\/wp\/v2\/types\/product"}],"replies":[{"embeddable":true,"href":"https:\/\/planilhasexcell.com.br\/loja-de-planilhas\/wp-json\/wp\/v2\/comments?post=53"}],"wp:featuredmedia":[{"embeddable":true,"href":"https:\/\/planilhasexcell.com.br\/loja-de-planilhas\/wp-json\/wp\/v2\/media\/120"}],"wp:attachment":[{"href":"https:\/\/planilhasexcell.com.br\/loja-de-planilhas\/wp-json\/wp\/v2\/media?parent=53"}],"wp:term":[{"taxonomy":"product_brand","embeddable":true,"href":"https:\/\/planilhasexcell.com.br\/loja-de-planilhas\/wp-json\/wp\/v2\/product_brand?post=53"},{"taxonomy":"product_cat","embeddable":true,"href":"https:\/\/planilhasexcell.com.br\/loja-de-planilhas\/wp-json\/wp\/v2\/product_cat?post=53"},{"taxonomy":"product_tag","embeddable":true,"href":"https:\/\/planilhasexcell.com.br\/loja-de-planilhas\/wp-json\/wp\/v2\/product_tag?post=53"}],"curies":[{"name":"wp","href":"https:\/\/api.w.org\/{rel}","templated":true}]}}