{"id":48,"date":"2023-10-16T14:53:23","date_gmt":"2023-10-16T17:53:23","guid":{"rendered":"https:\/\/planilhasexcell.com.br\/loja-de-planilhas\/?post_type=product&#038;p=48"},"modified":"2026-02-04T19:16:13","modified_gmt":"2026-02-04T22:16:13","slug":"kit-1600-planilhas-excel-editaveis","status":"publish","type":"product","link":"https:\/\/planilhasexcell.com.br\/loja-de-planilhas\/produto\/kit-1600-planilhas-excel-editaveis\/","title":{"rendered":"Kit 1600 Planilhas Excel Edit\u00e1veis"},"content":{"rendered":"<h1 class=\"entry-title\"><strong><span style=\"font-size: 14pt;\">Kit 1600 Planilhas Excel Edit\u00e1veis<\/span><\/strong><\/h1>\n<h2><span style=\"font-size: 14pt;\">Kit 1600 Planilhas Excel Edit\u00e1veis Um super <strong>Kit de Planilhas Excel Prontas e Edit\u00e1veis<\/strong>\u00a0para todos os ramos de atividade,\u00a0<strong>planilhas atualizadas em 2021<\/strong>, agora voc\u00ea pode ter todas as planilhas e controlar todas as suas opera\u00e7\u00f5es.<\/span><\/h2>\n<p>Kit 1600 Planilhas Excel Edit\u00e1veis<\/p>\n<p><img fetchpriority=\"high\" decoding=\"async\" class=\"aligncenter wp-image-381 size-medium\" title=\"Kit-1600-Planilhas-Excel-Editaveis\" src=\"https:\/\/planilhasexcell.com.br\/loja-de-planilhas\/wp-content\/uploads\/2023\/10\/Kit-1.600-Planilhas-Excel-Editaveis-216x300.jpg\" alt=\"Kit-1600-Planilhas-Excel-Editaveis\" width=\"216\" height=\"300\" srcset=\"https:\/\/planilhasexcell.com.br\/loja-de-planilhas\/wp-content\/uploads\/2023\/10\/Kit-1.600-Planilhas-Excel-Editaveis-216x300.jpg 216w, https:\/\/planilhasexcell.com.br\/loja-de-planilhas\/wp-content\/uploads\/2023\/10\/Kit-1.600-Planilhas-Excel-Editaveis-737x1024.jpg 737w, https:\/\/planilhasexcell.com.br\/loja-de-planilhas\/wp-content\/uploads\/2023\/10\/Kit-1.600-Planilhas-Excel-Editaveis-768x1067.jpg 768w, https:\/\/planilhasexcell.com.br\/loja-de-planilhas\/wp-content\/uploads\/2023\/10\/Kit-1.600-Planilhas-Excel-Editaveis-1106x1536.jpg 1106w, https:\/\/planilhasexcell.com.br\/loja-de-planilhas\/wp-content\/uploads\/2023\/10\/Kit-1.600-Planilhas-Excel-Editaveis-1474x2048.jpg 1474w, https:\/\/planilhasexcell.com.br\/loja-de-planilhas\/wp-content\/uploads\/2023\/10\/Kit-1.600-Planilhas-Excel-Editaveis-600x834.jpg 600w, https:\/\/planilhasexcell.com.br\/loja-de-planilhas\/wp-content\/uploads\/2023\/10\/Kit-1.600-Planilhas-Excel-Editaveis.jpg 1600w\" sizes=\"(max-width: 216px) 100vw, 216px\" \/><\/p>\n<p>S\u00e3o mais de [1.600] Planilhas em Excel, nos mais variados segmentos, todas as planilhas s\u00e3o prontas para uso.<\/p>\n<p>Planilhas para o Trabalho<br \/>\nPlanilhas para os Estudos<br \/>\nPlanilhas para para os Estudos<br \/>\nPlanilhas para uso Pessoal<br \/>\nPlanilhas para Jogos<br \/>\nPlanilhas para Treinamento<\/p>\n<p>Kit 1.600 Planilhas Excel Edit\u00e1veis<\/p>\n<p>As planilhas que voc\u00ea ir\u00e1 adquirir podem ser utilizadas no seu trabalho, estudos ou nas tarefas do dia a dia! Est\u00e3o prontas para o uso e tamb\u00e9m s\u00e3o 100% edit\u00e1veis, ou seja, voc\u00ea poder\u00e1 alterar qualquer item de acordo com a sua vontade, nos formatos .xlt e .xls! Algumas planilhas que voc\u00ea ir\u00e1 encontrar: an\u00e1lise de balan\u00e7os, an\u00e1lise gr\u00e1fica, apura\u00e7\u00e3o de ISS, controle de bebidas, binominal, controle de caixa, c\u00e1lculo de materiais, c\u00e1lculo de pre\u00e7o de venda, controle de estoque, livros fiscais, or\u00e7amentos e MUITO MAIS!!!! S\u00e3o mais de\u00a0<em><strong>1.600 planilhas de Excel<\/strong><\/em>, dividias em diversos assuntos.<\/p>\n<p><strong>Pacotes de Planilhas de diversos tipos como:<\/strong><\/p>\n<p>\u2013 Banco de Horas<br \/>\n\u2013 Calend\u00e1rio<br \/>\n\u2013 Compra e Venda de Ve\u00edculos<br \/>\n\u2013 Contra-cheque<br \/>\n\u2013 Controle de Estoque<br \/>\n\u2013 Estacionamento<br \/>\n\u2013 FGTS<br \/>\n\u2013 Fluxo de Caixa<br \/>\n\u2013 Gr\u00e1ficos<br \/>\n\u2013 Lava Jato<br \/>\n\u2013 Lista de Compras<br \/>\n\u2013 Livros Fiscais<br \/>\n\u2013 Or\u00e7amentos<br \/>\n\u2013 Revis\u00e3o de Contrato<br \/>\n\u2013 E MUITO MAIS\u2026<\/p>\n<p><strong>SUPER PACOTE COM MAIS DE 1.600 PLANILHAS EM EXCEL<\/strong><\/p>\n<p>O Kit de [+] 1.600 Planilhas em Excel Prontas e Edit\u00e1veis, voc\u00ea recebe atrav\u00e9s de um Link para Baixar para o seu PC, o Pacote de Planilhas vai todo organizado em Pastas e por assunto.<\/p>\n<p>Kit 1.600 Planilhas Excel Edit\u00e1veis<\/p>\n<p><strong>Voc\u00ea ainda anota suas contas em pap\u00e9is ???<\/strong><\/p>\n<p><strong>ATOLADO NOS PAP\u00c9IS E NAS CONTAS MANUAIS???<\/strong><\/p>\n<p><strong>DESCOMPLIQUE SUA VIDA E USE PLANILHAS!!!\u200b<\/strong><\/p>\n<p>Economize tempo e dinheiro comprando esse Super Pacote de Planilhas Prontas e Edit\u00e1veis para todos os ramos de neg\u00f3cios, atendemos todo o Brasil.<\/p>\n<p><strong>Planilhas Prontas 1.600 Planilha Excel 100% Edit\u00e1veis + Curso + B\u00f4nus + Brindes<\/strong><\/p>\n<p>Um\u00a0<strong>Kit de Planilhas<\/strong>\u00a0completo para voc\u00ea usar em qualquer aplica\u00e7\u00e3o de controle, em qualquer ramo de atividade, na sua empresa, na sua resid\u00eancia, no seu condom\u00ednio, enfim s\u00e3o muitos modelos de planilhas prontos e edit\u00e1veis.<\/p>\n<p>Voc\u00ea recebe o Kit atrav\u00e9s do seu e-mail com Link para Baixar o Kit na hora da Compra.<\/p>\n<p><strong>Comprou, recebeu, baixou, salvou, pronto !!!<\/strong><\/p>\n<p><strong>Pague com Cart\u00e3o de Cr\u00e9dito, D\u00e9bito, Transfer\u00eancia atrav\u00e9s do PagSeguro, a forma mais segura de fazer pagamentos via Internet.<\/strong><\/p>\n<p>S\u00e3o\u00a0<em><strong>mais<\/strong><\/em>\u00a0de\u00a0<em><strong>1<\/strong><strong>.600\u00a0Planilhas Excel<\/strong><\/em>, planilhas prontas e totalmente edit\u00e1veis para qualquer ramo de neg\u00f3cio, para qualquer atividade em seus neg\u00f3cios, podem ser utilizadas em casa, no trabalho, em empresas de pequeno, m\u00e9dio e grande porte.<\/p>\n<p style=\"text-align: center;\"><span style=\"font-size: 14pt; color: #ff6600;\"><strong>Receba B\u00f4nus incr\u00edveis comprando hoje o Kit de Planilhas Excel<\/strong><\/span><\/p>\n<p><img decoding=\"async\" class=\"aligncenter wp-image-379 size-medium\" title=\"3-bonus\" src=\"https:\/\/planilhasexcell.com.br\/loja-de-planilhas\/wp-content\/uploads\/2023\/10\/3-bonus-300x120.jpg\" alt=\"3-bonus\" width=\"300\" height=\"120\" srcset=\"https:\/\/planilhasexcell.com.br\/loja-de-planilhas\/wp-content\/uploads\/2023\/10\/3-bonus-300x120.jpg 300w, https:\/\/planilhasexcell.com.br\/loja-de-planilhas\/wp-content\/uploads\/2023\/10\/3-bonus-600x241.jpg 600w, https:\/\/planilhasexcell.com.br\/loja-de-planilhas\/wp-content\/uploads\/2023\/10\/3-bonus.jpg 625w\" sizes=\"(max-width: 300px) 100vw, 300px\" \/><\/p>\n<p><strong>1 \u2013\u00a0Apostila Completa do Exel<\/strong><\/p>\n<p><strong>2 \u2013\u00a0Planilhas Avan\u00e7adas<\/strong><\/p>\n<p><strong>3 \u2013\u00a0Planilhas em Destaque<\/strong><\/p>\n<p><strong>4 \u2013\u00a0Planilhas de Or\u00e7amentos<\/strong><\/p>\n<p><strong>5 \u2013\u00a0Planilhas Simples para Estudo<\/strong><\/p>\n<p><strong>6 \u2013\u00a0Kit Cartas Comerciais<\/strong><\/p>\n<p><strong>7 \u2013\u00a0Gest\u00e3o Empresarial no Varejo<\/strong><\/p>\n<hr \/>\n<p><strong>Forma de Envio:<\/strong> Via E-mail atrav\u00e9s ou WhatsApp.<\/p>\n<p><strong>Aten\u00e7\u00e3o:<\/strong>\u00a0Na hora da Compra insira o seu\u00a0<strong>Melhor E-mail<\/strong>, \u00e9 atrav\u00e9s dele que voc\u00ea ir\u00e1 receber os\u00a0<strong>Links para Baixar o Kit de Planilhas Excel Pronto e Edit\u00e1veis + B\u00f4nus<\/strong>.<\/p>\n<p>Caso n\u00e3o receba o E-mail, verifique na sua Caixa de Spam e Lixeira.<\/p>\n","protected":false},"excerpt":{"rendered":"<h1 class=\"entry-title\"><strong><span style=\"font-size: 14pt;\">Kit 1600 Planilhas Excel Prontas e Edit\u00e1veis<\/span><\/strong><\/h1>\n<h2><span style=\"font-size: 14pt;\">Kit 1600 Planilhas Excel Edit\u00e1veis Um super <strong>Kit de Planilhas Excel Prontas e Edit\u00e1veis<\/strong>\u00a0para todos os ramos de atividade,\u00a0<strong>planilhas atualizadas em 2021<\/strong>, agora voc\u00ea pode ter todas as planilhas e controlar todas as suas opera\u00e7\u00f5es.<\/span><\/h2>\n<p style=\"text-align: center;\"><strong style=\"font-size: 16px; font-style: normal; color: #008080;\">Adquira Agora Via Pix e Tenha 15% de Desconto e Receba todo o Conte\u00fado em seu E-mail ou se Preferir via WhatsApp.<\/strong><\/p>\n","protected":false},"featured_media":96,"comment_status":"closed","ping_status":"closed","template":"","meta":{"_sitemap_exclude":false,"_sitemap_priority":"","_sitemap_frequency":"","site-sidebar-layout":"default","site-content-layout":"","ast-site-content-layout":"default","site-content-style":"default","site-sidebar-style":"default","ast-global-header-display":"","ast-banner-title-visibility":"","ast-main-header-display":"","ast-hfb-above-header-display":"","ast-hfb-below-header-display":"","ast-hfb-mobile-header-display":"","site-post-title":"","ast-breadcrumbs-content":"","ast-featured-img":"","footer-sml-layout":"","ast-disable-related-posts":"","theme-transparent-header-meta":"default","adv-header-id-meta":"","stick-header-meta":"default","header-above-stick-meta":"","header-main-stick-meta":"","header-below-stick-meta":"","astra-migrate-meta-layouts":"set","ast-page-background-enabled":"default","ast-page-background-meta":{"desktop":{"background-color":"var(--ast-global-color-4)","background-image":"","background-repeat":"repeat","background-position":"center center","background-size":"auto","background-attachment":"scroll","background-type":"","background-media":"","overlay-type":"","overlay-color":"","overlay-opacity":"","overlay-gradient":""},"tablet":{"background-color":"","background-image":"","background-repeat":"repeat","background-position":"center center","background-size":"auto","background-attachment":"scroll","background-type":"","background-media":"","overlay-type":"","overlay-color":"","overlay-opacity":"","overlay-gradient":""},"mobile":{"background-color":"","background-image":"","background-repeat":"repeat","background-position":"center center","background-size":"auto","background-attachment":"scroll","background-type":"","background-media":"","overlay-type":"","overlay-color":"","overlay-opacity":"","overlay-gradient":""}},"ast-content-background-meta":{"desktop":{"background-color":"var(--ast-global-color-5)","background-image":"","background-repeat":"repeat","background-position":"center center","background-size":"auto","background-attachment":"scroll","background-type":"","background-media":"","overlay-type":"","overlay-color":"","overlay-opacity":"","overlay-gradient":""},"tablet":{"background-color":"var(--ast-global-color-5)","background-image":"","background-repeat":"repeat","background-position":"center center","background-size":"auto","background-attachment":"scroll","background-type":"","background-media":"","overlay-type":"","overlay-color":"","overlay-opacity":"","overlay-gradient":""},"mobile":{"background-color":"var(--ast-global-color-5)","background-image":"","background-repeat":"repeat","background-position":"center center","background-size":"auto","background-attachment":"scroll","background-type":"","background-media":"","overlay-type":"","overlay-color":"","overlay-opacity":"","overlay-gradient":""}}},"product_brand":[],"product_cat":[1123,20],"product_tag":[178,179,180,149,181,182,183,184,164,169,185,170,186,187,188,174,175,189],"class_list":{"0":"post-48","1":"product","2":"type-product","3":"status-publish","4":"has-post-thumbnail","6":"product_cat-kit-planilhas","7":"product_cat-planilhas-excel","8":"product_tag-1600-planilhas-excel","9":"product_tag-gestao-empresarial-no-varejo","10":"product_tag-kit-cartas-comerciais","11":"product_tag-kit-de-planilhas-excel","12":"product_tag-planilha-excel-banco-de-horas","13":"product_tag-planilha-excel-calendario","14":"product_tag-planilha-excel-compra-e-venda-de-veiculos","15":"product_tag-planilha-excel-contra-cheque","16":"product_tag-planilha-excel-controle-de-estoque","17":"product_tag-planilha-excel-estacionamento","18":"product_tag-planilha-excel-fgts","19":"product_tag-planilha-excel-fluxo-de-caixa","20":"product_tag-planilha-excel-graficos","21":"product_tag-planilha-excel-lava-jato","22":"product_tag-planilha-excel-lista-de-compras","23":"product_tag-planilha-excel-livros-fiscais","24":"product_tag-planilha-excel-orcamentos","25":"product_tag-planilha-excel-revisao-de-contrato","26":"desktop-align-center","27":"tablet-align-left","28":"mobile-align-left","29":"ast-product-gallery-layout-horizontal-slider","30":"ast-product-tabs-layout-horizontal","32":"first","33":"instock","34":"featured","35":"downloadable","36":"shipping-taxable","37":"purchasable","38":"product-type-simple"},"_links":{"self":[{"href":"https:\/\/planilhasexcell.com.br\/loja-de-planilhas\/wp-json\/wp\/v2\/product\/48","targetHints":{"allow":["GET"]}}],"collection":[{"href":"https:\/\/planilhasexcell.com.br\/loja-de-planilhas\/wp-json\/wp\/v2\/product"}],"about":[{"href":"https:\/\/planilhasexcell.com.br\/loja-de-planilhas\/wp-json\/wp\/v2\/types\/product"}],"replies":[{"embeddable":true,"href":"https:\/\/planilhasexcell.com.br\/loja-de-planilhas\/wp-json\/wp\/v2\/comments?post=48"}],"wp:featuredmedia":[{"embeddable":true,"href":"https:\/\/planilhasexcell.com.br\/loja-de-planilhas\/wp-json\/wp\/v2\/media\/96"}],"wp:attachment":[{"href":"https:\/\/planilhasexcell.com.br\/loja-de-planilhas\/wp-json\/wp\/v2\/media?parent=48"}],"wp:term":[{"taxonomy":"product_brand","embeddable":true,"href":"https:\/\/planilhasexcell.com.br\/loja-de-planilhas\/wp-json\/wp\/v2\/product_brand?post=48"},{"taxonomy":"product_cat","embeddable":true,"href":"https:\/\/planilhasexcell.com.br\/loja-de-planilhas\/wp-json\/wp\/v2\/product_cat?post=48"},{"taxonomy":"product_tag","embeddable":true,"href":"https:\/\/planilhasexcell.com.br\/loja-de-planilhas\/wp-json\/wp\/v2\/product_tag?post=48"}],"curies":[{"name":"wp","href":"https:\/\/api.w.org\/{rel}","templated":true}]}}